{"id":197,"date":"2012-11-28T17:41:22","date_gmt":"2012-11-28T16:41:22","guid":{"rendered":"http:\/\/winestory.org\/?page_id=197"},"modified":"2014-06-04T10:18:50","modified_gmt":"2014-06-04T09:18:50","slug":"languedoc-roussillon","status":"publish","type":"page","link":"https:\/\/winestory.org\/?page_id=197","title":{"rendered":"Languedoc-Roussillon"},"content":{"rendered":"<table border=\"0\" align=\"left\">\n<tbody>\n<tr>\n<td><span style=\"font-size: small; font-family: verdana,geneva;\"><a href=\"http:\/\/winestory.org\/wp-content\/uploads\/2012\/11\/VACANCES-r\u00e9gion-de-Limoux-2010-004.jpg\"><img decoding=\"async\" class=\"aligncenter wp-image-472\" style=\"border: 2px solid black; margin: 5px;\" src=\"http:\/\/winestory.org\/wp-content\/uploads\/2012\/11\/VACANCES-r\u00e9gion-de-Limoux-2010-004.jpg\" alt=\"VACANCES  r\u00e9gion de Limoux 2010 004\" width=\"150\" height=\"308\" srcset=\"https:\/\/winestory.org\/wp-content\/uploads\/2012\/11\/VACANCES-r\u00e9gion-de-Limoux-2010-004.jpg 354w, https:\/\/winestory.org\/wp-content\/uploads\/2012\/11\/VACANCES-r\u00e9gion-de-Limoux-2010-004-146x300.jpg 146w\" sizes=\"(max-width: 150px) 100vw, 150px\" \/><\/a>\u00a0<\/span><\/td>\n<td style=\"text-align: justify;\"><span style=\"font-size: 10pt;\"><span style=\"color: #5b304e; font-family: verdana, geneva;\"><strong>Cr\u00e9mant de Limoux<br \/>\n<\/strong><\/span><span style=\"font-family: verdana, geneva;\"><strong>EARL LES CABAGNOLS<\/strong><\/span><\/span><br \/>\n<span style=\"font-size: 10pt; font-family: verdana, geneva;\"> 11190 Conilhac-de-la-Montagne<\/span><br \/>\n<span style=\"font-size: 10pt; font-family: verdana, geneva;\"> T\u00e9l\u00e9phone : 04.68.74.28.47<\/span><\/td>\n<\/tr>\n<tr>\n<td><span style=\"font-size: small; font-family: verdana,geneva;\"><a href=\"http:\/\/winestory.org\/wp-content\/uploads\/2012\/11\/rose.png\"><img decoding=\"async\" class=\"aligncenter wp-image-963\" src=\"http:\/\/winestory.org\/wp-content\/uploads\/2012\/11\/rose.png\" alt=\"rose\" width=\"150\" height=\"277\" srcset=\"https:\/\/winestory.org\/wp-content\/uploads\/2012\/11\/rose.png 200w, https:\/\/winestory.org\/wp-content\/uploads\/2012\/11\/rose-163x300.png 163w\" sizes=\"(max-width: 150px) 100vw, 150px\" \/><\/a><\/span><\/td>\n<td style=\"text-align: justify;\"><span style=\"font-family: verdana, geneva; font-size: 10pt;\"><span style=\"color: #5b304e;\"><strong>Fitou<br \/>\n<\/strong><\/span><a href=\"http:\/\/www.grandguilhem.com\/\" target=\"_blank\"><strong>Domaine Grand Guilhem<\/strong><\/a><\/span><br \/>\n<span style=\"font-family: verdana, geneva; font-size: 10pt;\">S\u00e9vrine et Gilles Contrepois<br \/>\n1 chemin du Col de la Serre<br \/>\n11360 CASCASTEL-DES-CORBIERES<\/span><br \/>\n<span style=\"font-family: verdana, geneva; font-size: 10pt;\">T\u00e9l\u00e9phone : 04.68.45.86.67<\/span><\/td>\n<\/tr>\n<\/tbody>\n<\/table>\n","protected":false},"excerpt":{"rendered":"<p>\u00a0 Cr\u00e9mant de Limoux EARL LES CABAGNOLS 11190 Conilhac-de-la-Montagne T\u00e9l\u00e9phone : 04.68.74.28.47 Fitou Domaine Grand Guilhem S\u00e9vrine et Gilles Contrepois 1 chemin du Col de la Serre 11360 CASCASTEL-DES-CORBIERES T\u00e9l\u00e9phone : 04.68.45.86.67<\/p>\n","protected":false},"author":1,"featured_media":0,"parent":58,"menu_order":17,"comment_status":"open","ping_status":"open","template":"page-full.php","meta":{"ngg_post_thumbnail":0,"footnotes":"","_links_to":"","_links_to_target":""},"class_list":["post-197","page","type-page","status-publish","hentry"],"aioseo_notices":[],"aioseo_head":"\n\t\t<!-- All in One SEO 5.0.1.1 - aioseo.com -->\n\t<meta name=\"description\" content=\"Cr\u00e9mant de Limoux EARL LES CABAGNOL 11190 Conilhac-de-la-Montagne T\u00e9l\u00e9phone : 04.68.74.28.47\" \/>\n\t<meta name=\"robots\" content=\"max-image-preview:large\" \/>\n\t<link rel=\"canonical\" href=\"https:\/\/winestory.org\/?page_id=197\" \/>\n\t<meta name=\"generator\" content=\"All in One SEO (AIOSEO) 5.0.1.1\" \/>\n\t\t<meta property=\"og:locale\" content=\"fr_FR\" \/>\n\t\t<meta property=\"og:site_name\" content=\"Winestory | L&#039;autre fa\u00e7on de parler du vin...\" \/>\n\t\t<meta property=\"og:type\" content=\"article\" \/>\n\t\t<meta property=\"og:title\" content=\"Languedoc-Roussillon | Winestory\" \/>\n\t\t<meta property=\"og:description\" content=\"Cr\u00e9mant de Limoux EARL LES CABAGNOL 11190 Conilhac-de-la-Montagne T\u00e9l\u00e9phone : 04.68.74.28.47\" \/>\n\t\t<meta property=\"og:url\" content=\"https:\/\/winestory.org\/?page_id=197\" \/>\n\t\t<meta property=\"article:published_time\" content=\"2012-11-28T16:41:22+00:00\" \/>\n\t\t<meta property=\"article:modified_time\" content=\"2014-06-04T09:18:50+00:00\" \/>\n\t\t<meta name=\"twitter:card\" content=\"summary\" \/>\n\t\t<meta name=\"twitter:title\" content=\"Languedoc-Roussillon | Winestory\" \/>\n\t\t<meta name=\"twitter:description\" content=\"Cr\u00e9mant de Limoux EARL LES CABAGNOL 11190 Conilhac-de-la-Montagne T\u00e9l\u00e9phone : 04.68.74.28.47\" \/>\n\t\t<script type=\"application\/ld+json\" class=\"aioseo-schema\">\n\t\t\t{\"@context\":\"https:\\\/\\\/schema.org\",\"@graph\":[{\"@type\":\"BreadcrumbList\",\"@id\":\"https:\\\/\\\/winestory.org\\\/?page_id=197#breadcrumblist\",\"itemListElement\":[{\"@type\":\"ListItem\",\"@id\":\"https:\\\/\\\/winestory.org#listItem\",\"position\":1,\"name\":\"Accueil\",\"item\":\"https:\\\/\\\/winestory.org\",\"nextItem\":{\"@type\":\"ListItem\",\"@id\":\"https:\\\/\\\/winestory.org\\\/?page_id=58#listItem\",\"name\":\"Les vignerons\"}},{\"@type\":\"ListItem\",\"@id\":\"https:\\\/\\\/winestory.org\\\/?page_id=58#listItem\",\"position\":2,\"name\":\"Les vignerons\",\"item\":\"https:\\\/\\\/winestory.org\\\/?page_id=58\",\"nextItem\":{\"@type\":\"ListItem\",\"@id\":\"https:\\\/\\\/winestory.org\\\/?page_id=197#listItem\",\"name\":\"Languedoc-Roussillon\"},\"previousItem\":{\"@type\":\"ListItem\",\"@id\":\"https:\\\/\\\/winestory.org#listItem\",\"name\":\"Accueil\"}},{\"@type\":\"ListItem\",\"@id\":\"https:\\\/\\\/winestory.org\\\/?page_id=197#listItem\",\"position\":3,\"name\":\"Languedoc-Roussillon\",\"previousItem\":{\"@type\":\"ListItem\",\"@id\":\"https:\\\/\\\/winestory.org\\\/?page_id=58#listItem\",\"name\":\"Les vignerons\"}}]},{\"@type\":\"Organization\",\"@id\":\"https:\\\/\\\/winestory.org\\\/#organization\",\"name\":\"Winestory\",\"description\":\"L'autre fa\\u00e7on de parler du vin...\",\"url\":\"https:\\\/\\\/winestory.org\\\/\"},{\"@type\":\"WebPage\",\"@id\":\"https:\\\/\\\/winestory.org\\\/?page_id=197#webpage\",\"url\":\"https:\\\/\\\/winestory.org\\\/?page_id=197\",\"name\":\"Languedoc-Roussillon | Winestory\",\"description\":\"Cr\\u00e9mant de Limoux EARL LES CABAGNOL 11190 Conilhac-de-la-Montagne T\\u00e9l\\u00e9phone : 04.68.74.28.47\",\"inLanguage\":\"fr-FR\",\"isPartOf\":{\"@id\":\"https:\\\/\\\/winestory.org\\\/#website\"},\"breadcrumb\":{\"@id\":\"https:\\\/\\\/winestory.org\\\/?page_id=197#breadcrumblist\"},\"datePublished\":\"2012-11-28T17:41:22+01:00\",\"dateModified\":\"2014-06-04T10:18:50+01:00\"},{\"@type\":\"WebSite\",\"@id\":\"https:\\\/\\\/winestory.org\\\/#website\",\"url\":\"https:\\\/\\\/winestory.org\\\/\",\"name\":\"Winestory\",\"description\":\"L'autre fa\\u00e7on de parler du vin...\",\"inLanguage\":\"fr-FR\",\"publisher\":{\"@id\":\"https:\\\/\\\/winestory.org\\\/#organization\"}}]}\n\t\t<\/script>\n\t\t<!-- All in One SEO -->\n\n","aioseo_head_json":{"title":"Languedoc-Roussillon | Winestory","description":"Cr\u00e9mant de Limoux EARL LES CABAGNOL 11190 Conilhac-de-la-Montagne T\u00e9l\u00e9phone : 04.68.74.28.47","canonical_url":"https:\/\/winestory.org\/?page_id=197","robots":"max-image-preview:large","keywords":"","webmasterTools":{"miscellaneous":""},"schema":{"@context":"https:\/\/schema.org","@graph":[{"@type":"BreadcrumbList","@id":"https:\/\/winestory.org\/?page_id=197#breadcrumblist","itemListElement":[{"@type":"ListItem","@id":"https:\/\/winestory.org#listItem","position":1,"name":"Accueil","item":"https:\/\/winestory.org","nextItem":{"@type":"ListItem","@id":"https:\/\/winestory.org\/?page_id=58#listItem","name":"Les vignerons"}},{"@type":"ListItem","@id":"https:\/\/winestory.org\/?page_id=58#listItem","position":2,"name":"Les vignerons","item":"https:\/\/winestory.org\/?page_id=58","nextItem":{"@type":"ListItem","@id":"https:\/\/winestory.org\/?page_id=197#listItem","name":"Languedoc-Roussillon"},"previousItem":{"@type":"ListItem","@id":"https:\/\/winestory.org#listItem","name":"Accueil"}},{"@type":"ListItem","@id":"https:\/\/winestory.org\/?page_id=197#listItem","position":3,"name":"Languedoc-Roussillon","previousItem":{"@type":"ListItem","@id":"https:\/\/winestory.org\/?page_id=58#listItem","name":"Les vignerons"}}]},{"@type":"Organization","@id":"https:\/\/winestory.org\/#organization","name":"Winestory","description":"L'autre fa\u00e7on de parler du vin...","url":"https:\/\/winestory.org\/"},{"@type":"WebPage","@id":"https:\/\/winestory.org\/?page_id=197#webpage","url":"https:\/\/winestory.org\/?page_id=197","name":"Languedoc-Roussillon | Winestory","description":"Cr\u00e9mant de Limoux EARL LES CABAGNOL 11190 Conilhac-de-la-Montagne T\u00e9l\u00e9phone : 04.68.74.28.47","inLanguage":"fr-FR","isPartOf":{"@id":"https:\/\/winestory.org\/#website"},"breadcrumb":{"@id":"https:\/\/winestory.org\/?page_id=197#breadcrumblist"},"datePublished":"2012-11-28T17:41:22+01:00","dateModified":"2014-06-04T10:18:50+01:00"},{"@type":"WebSite","@id":"https:\/\/winestory.org\/#website","url":"https:\/\/winestory.org\/","name":"Winestory","description":"L'autre fa\u00e7on de parler du vin...","inLanguage":"fr-FR","publisher":{"@id":"https:\/\/winestory.org\/#organization"}}]},"og:locale":"fr_FR","og:site_name":"Winestory | L'autre fa\u00e7on de parler du vin...","og:type":"article","og:title":"Languedoc-Roussillon | Winestory","og:description":"Cr\u00e9mant de Limoux EARL LES CABAGNOL 11190 Conilhac-de-la-Montagne T\u00e9l\u00e9phone : 04.68.74.28.47","og:url":"https:\/\/winestory.org\/?page_id=197","article:published_time":"2012-11-28T16:41:22+00:00","article:modified_time":"2014-06-04T09:18:50+00:00","twitter:card":"summary","twitter:title":"Languedoc-Roussillon | Winestory","twitter:description":"Cr\u00e9mant de Limoux EARL LES CABAGNOL 11190 Conilhac-de-la-Montagne T\u00e9l\u00e9phone : 04.68.74.28.47"},"aioseo_meta_data":{"post_id":"197","title":"Languedoc-Roussillon | #site_title","description":"Cr\u00e9mant de Limoux\r\n\r\nEARL LES CABAGNOL\r\n11190 Conilhac-de-la-Montagne\r\nT\u00e9l\u00e9phone : 04.68.74.28.47","keywords":[{"label":"cr\u00e9mant","value":"cr\u00e9mant"},{"label":"limoux","value":"limoux"},{"label":"cabagnols","value":"cabagnols"}],"keyphrases":null,"primary_term":null,"canonical_url":null,"og_title":null,"og_description":null,"og_object_type":"default","og_image_type":"default","og_image_url":null,"og_image_width":null,"og_image_height":null,"og_image_custom_url":null,"og_image_custom_fields":null,"og_video":null,"og_custom_url":null,"og_article_section":null,"og_article_tags":null,"twitter_use_og":false,"twitter_card":"default","twitter_image_type":"default","twitter_image_url":null,"twitter_image_custom_url":null,"twitter_image_custom_fields":null,"twitter_title":null,"twitter_description":null,"schema":{"blockGraphs":[],"customGraphs":[],"default":{"data":{"Article":[],"Course":[],"Dataset":[],"FAQPage":[],"Movie":[],"Person":[],"Product":[],"ProductReview":[],"Car":[],"Recipe":[],"Service":[],"SoftwareApplication":[],"WebPage":[]},"graphName":"","isEnabled":true},"graphs":[]},"schema_type":null,"schema_type_options":null,"pillar_content":false,"robots_default":true,"robots_noindex":false,"robots_noarchive":false,"robots_nosnippet":false,"robots_nofollow":false,"robots_noimageindex":false,"robots_noodp":false,"robots_notranslate":false,"robots_max_snippet":null,"robots_max_videopreview":null,"robots_max_imagepreview":"large","priority":null,"frequency":null,"location":null,"local_seo":null,"breadcrumb_settings":null,"limit_modified_date":false,"ai":null,"created":"2020-12-31 09:48:37","updated":"2025-06-24 13:32:16","seo_analyzer_scan_date":null,"focus_keyword":null,"additional_keywords":null,"truseo_locale":null},"aioseo_breadcrumb":"<div class=\"aioseo-breadcrumbs\"><span class=\"aioseo-breadcrumb\">\n\t\t\t<a href=\"https:\/\/winestory.org\" title=\"Accueil\">Accueil<\/a>\n\t\t<\/span><span class=\"aioseo-breadcrumb-separator\">&raquo;<\/span><span class=\"aioseo-breadcrumb\">\n\t\t\t<a href=\"https:\/\/winestory.org\/?page_id=58\" title=\"Les vignerons\">Les vignerons<\/a>\n\t\t<\/span><span class=\"aioseo-breadcrumb-separator\">&raquo;<\/span><span class=\"aioseo-breadcrumb\">\n\t\t\tLanguedoc-Roussillon\n\t\t<\/span><\/div>","aioseo_breadcrumb_json":[{"label":"Accueil","link":"https:\/\/winestory.org"},{"label":"Les vignerons","link":"https:\/\/winestory.org\/?page_id=58"},{"label":"Languedoc-Roussillon","link":"https:\/\/winestory.org\/?page_id=197"}],"acf":[],"_links":{"self":[{"href":"https:\/\/winestory.org\/index.php?rest_route=\/wp\/v2\/pages\/197","targetHints":{"allow":["GET"]}}],"collection":[{"href":"https:\/\/winestory.org\/index.php?rest_route=\/wp\/v2\/pages"}],"about":[{"href":"https:\/\/winestory.org\/index.php?rest_route=\/wp\/v2\/types\/page"}],"author":[{"embeddable":true,"href":"https:\/\/winestory.org\/index.php?rest_route=\/wp\/v2\/users\/1"}],"replies":[{"embeddable":true,"href":"https:\/\/winestory.org\/index.php?rest_route=%2Fwp%2Fv2%2Fcomments&post=197"}],"version-history":[{"count":0,"href":"https:\/\/winestory.org\/index.php?rest_route=\/wp\/v2\/pages\/197\/revisions"}],"up":[{"embeddable":true,"href":"https:\/\/winestory.org\/index.php?rest_route=\/wp\/v2\/pages\/58"}],"wp:attachment":[{"href":"https:\/\/winestory.org\/index.php?rest_route=%2Fwp%2Fv2%2Fmedia&parent=197"}],"curies":[{"name":"wp","href":"https:\/\/api.w.org\/{rel}","templated":true}]}}

<table border="0" align="left">
<tbody>
<tr>
<td><span style="font-size: small; font-family: verdana,geneva;"><a href="http://winestory.org/wp-content/uploads/2012/11/VACANCES-région-de-Limoux-2010-004.jpg"><img decoding="async" class="aligncenter wp-image-472" style="border: 2px solid black; margin: 5px;" src="http://winestory.org/wp-content/uploads/2012/11/VACANCES-région-de-Limoux-2010-004.jpg" alt="VACANCES  région de Limoux 2010 004" width="150" height="308" srcset="https://winestory.org/wp-content/uploads/2012/11/VACANCES-région-de-Limoux-2010-004.jpg 354w, https://winestory.org/wp-content/uploads/2012/11/VACANCES-région-de-Limoux-2010-004-146x300.jpg 146w" sizes="(max-width: 150px) 100vw, 150px" /></a> </span></td>
<td style="text-align: justify;"><span style="font-size: 10pt;"><span style="color: #5b304e; font-family: verdana, geneva;"><strong>Crémant de Limoux<br />
</strong></span><span style="font-family: verdana, geneva;"><strong>EARL LES CABAGNOLS</strong></span></span><br />
<span style="font-size: 10pt; font-family: verdana, geneva;"> 11190 Conilhac-de-la-Montagne</span><br />
<span style="font-size: 10pt; font-family: verdana, geneva;"> Téléphone : 04.68.74.28.47</span></td>
</tr>
<tr>
<td><span style="font-size: small; font-family: verdana,geneva;"><a href="http://winestory.org/wp-content/uploads/2012/11/rose.png"><img decoding="async" class="aligncenter wp-image-963" src="http://winestory.org/wp-content/uploads/2012/11/rose.png" alt="rose" width="150" height="277" srcset="https://winestory.org/wp-content/uploads/2012/11/rose.png 200w, https://winestory.org/wp-content/uploads/2012/11/rose-163x300.png 163w" sizes="(max-width: 150px) 100vw, 150px" /></a></span></td>
<td style="text-align: justify;"><span style="font-family: verdana, geneva; font-size: 10pt;"><span style="color: #5b304e;"><strong>Fitou<br />
</strong></span><a href="http://www.grandguilhem.com/" target="_blank"><strong>Domaine Grand Guilhem</strong></a></span><br />
<span style="font-family: verdana, geneva; font-size: 10pt;">Sévrine et Gilles Contrepois<br />
1 chemin du Col de la Serre<br />
11360 CASCASTEL-DES-CORBIERES</span><br />
<span style="font-family: verdana, geneva; font-size: 10pt;">Téléphone : 04.68.45.86.67</span></td>
</tr>
</tbody>
</table>

<p>  Crémant de Limoux EARL LES CABAGNOLS 11190 Conilhac-de-la-Montagne Téléphone : 04.68.74.28.47 Fitou Domaine Grand Guilhem Sévrine et Gilles Contrepois 1 chemin du Col de la Serre 11360 CASCASTEL-DES-CORBIERES Téléphone : 04.68.45.86.67</p>

<!-- All in One SEO 5.0.1.1 - aioseo.com -->
	<meta name="description" content="Crémant de Limoux EARL LES CABAGNOL 11190 Conilhac-de-la-Montagne Téléphone : 04.68.74.28.47" />
	<meta name="robots" content="max-image-preview:large" />
	<link rel="canonical" href="https://winestory.org/?page_id=197" />
	<meta name="generator" content="All in One SEO (AIOSEO) 5.0.1.1" />
		<meta property="og:locale" content="fr_FR" />
		<meta property="og:site_name" content="Winestory | L&#039;autre façon de parler du vin..." />
		<meta property="og:type" content="article" />
		<meta property="og:title" content="Languedoc-Roussillon | Winestory" />
		<meta property="og:description" content="Crémant de Limoux EARL LES CABAGNOL 11190 Conilhac-de-la-Montagne Téléphone : 04.68.74.28.47" />
		<meta property="og:url" content="https://winestory.org/?page_id=197" />
		<meta property="article:published_time" content="2012-11-28T16:41:22+00:00" />
		<meta property="article:modified_time" content="2014-06-04T09:18:50+00:00" />
		<meta name="twitter:card" content="summary" />
		<meta name="twitter:title" content="Languedoc-Roussillon | Winestory" />
		<meta name="twitter:description" content="Crémant de Limoux EARL LES CABAGNOL 11190 Conilhac-de-la-Montagne Téléphone : 04.68.74.28.47" />
		<script type="application/ld+json" class="aioseo-schema">
			{"@context":"https:\/\/schema.org","@graph":[{"@type":"BreadcrumbList","@id":"https:\/\/winestory.org\/?page_id=197#breadcrumblist","itemListElement":[{"@type":"ListItem","@id":"https:\/\/winestory.org#listItem","position":1,"name":"Accueil","item":"https:\/\/winestory.org","nextItem":{"@type":"ListItem","@id":"https:\/\/winestory.org\/?page_id=58#listItem","name":"Les vignerons"}},{"@type":"ListItem","@id":"https:\/\/winestory.org\/?page_id=58#listItem","position":2,"name":"Les vignerons","item":"https:\/\/winestory.org\/?page_id=58","nextItem":{"@type":"ListItem","@id":"https:\/\/winestory.org\/?page_id=197#listItem","name":"Languedoc-Roussillon"},"previousItem":{"@type":"ListItem","@id":"https:\/\/winestory.org#listItem","name":"Accueil"}},{"@type":"ListItem","@id":"https:\/\/winestory.org\/?page_id=197#listItem","position":3,"name":"Languedoc-Roussillon","previousItem":{"@type":"ListItem","@id":"https:\/\/winestory.org\/?page_id=58#listItem","name":"Les vignerons"}}]},{"@type":"Organization","@id":"https:\/\/winestory.org\/#organization","name":"Winestory","description":"L'autre fa\u00e7on de parler du vin...","url":"https:\/\/winestory.org\/"},{"@type":"WebPage","@id":"https:\/\/winestory.org\/?page_id=197#webpage","url":"https:\/\/winestory.org\/?page_id=197","name":"Languedoc-Roussillon | Winestory","description":"Cr\u00e9mant de Limoux EARL LES CABAGNOL 11190 Conilhac-de-la-Montagne T\u00e9l\u00e9phone : 04.68.74.28.47","inLanguage":"fr-FR","isPartOf":{"@id":"https:\/\/winestory.org\/#website"},"breadcrumb":{"@id":"https:\/\/winestory.org\/?page_id=197#breadcrumblist"},"datePublished":"2012-11-28T17:41:22+01:00","dateModified":"2014-06-04T10:18:50+01:00"},{"@type":"WebSite","@id":"https:\/\/winestory.org\/#website","url":"https:\/\/winestory.org\/","name":"Winestory","description":"L'autre fa\u00e7on de parler du vin...","inLanguage":"fr-FR","publisher":{"@id":"https:\/\/winestory.org\/#organization"}}]}
		</script>
		<!-- All in One SEO -->

Crémant de Limoux EARL LES CABAGNOL 11190 Conilhac-de-la-Montagne Téléphone : 04.68.74.28.47

L'autre façon de parler du vin...

Winestory | L'autre façon de parler du vin...

Crémant de Limoux

EARL LES CABAGNOL
11190 Conilhac-de-la-Montagne
Téléphone : 04.68.74.28.47

crémant
